31 (base 4) in base 13?
1c8
What is 100200201 (base 3) in base 11?
5344
-1434 (base 14) to base 9
-4811
Convert 123 (base 12) to base 14.
c3
Convert 9388 (base 13) to base 7.
113311
8ff (base 16) to base 13
1082
-3011422 (base 5) to base 2
-1011101001111001
Convert 1290 (base 11) to base 3.
2021221
Convert -101 (base 13) to base 10.
-170
-1a42 (base 12) to base 4
-302102
Convert -1453 (base 9) to base 2.
-10001001101
What is -2411 (base 8) in base 3?
-1202202
Convert 21101102 (base 3) to base 2.
1010100001000
Convert 111100011011 (base 2) to base 15.
122c
35361 (base 7) to base 8
21624
What is -29374 (base 10) in base 15?
-8a84
What is -10000201 (base 3) in base 15?
-9c1
363 (base 7) to base 2
11000000
Convert 203cb (base 13) to base 3.
2221021121
Convert 134 (base 6) to base 13.
46
2599 (base 16) to base 13
44c5
Convert -2222001 (base 3) to base 11.
-1695
-3332 (base 5) to base 12
-32b
44020 (base 8) to base 16
4810
Convert 181 (base 11) to base 6.
550
Convert 1110212 (base 4) to base 15.
190e
Convert 3707 (base 8) to base 3.
2201202
Convert c7 (base 14) to base 12.
127
What is b01 (base 15) in base 13?
1186
What is 10100011001 (base 2) in base 3?
1210100
b43 (base 15) to base 3
10111000
-1173 (base 15) to base 7
-13545
What is -86727 (base 9) in base 2?
-1110000001101110
-4b66 (base 13) to base 9
-15643
What is -2545 (base 15) in base 6?
-100432
763 (base 11) to base 6
4124
-2134 (base 12) to base 13
-1870
What is -31264 (base 9) in base 12?
-bb34
-2 (base 3) to base 10
-2
What is -307c (base 14) in base 5?
-231332
Convert 10001011 (base 2) to base 8.
213
Convert 588 (base 15) to base 9.
1642
1101001100 (base 2) to base 8
1514
What is 1220111122 (base 3) in base 8?
111253
Convert -26 (base 9) to base 4.
-120
What is 4b6 (base 14) in base 5?
12234
What is 55557 (base 8) in base 6?
300211
What is 1221111212 (base 3) in base 6?
453122
What is 27c6 (base 15) in base 2?
10000100111111
-13111 (base 5) to base 15
-48b
What is 20012011 (base 4) in base 8?
100605
What is 353b (base 12) in base 7?
23231
85 (base 16) to base 10
133
What is 32152 (base 8) in base 11?
a099
What is -3025 (base 9) in base 16?
-8a2
What is -330 (base 7) in base 10?
-168
What is -82 (base 14) in base 7?
-222
-201431 (base 5) to base 12
-390b
1214 (base 10) to base 3
1122222
What is -103323 (base 5) in base 7?
-13314
What is -1101101101 (base 2) in base 16?
-36d
Convert -1779 (base 10) to base 3.
-2102220
Convert -101100101 (base 2) to base 3.
-111020
9951 (base 10) to base 15
2e36
What is 230 (base 4) in base 10?
44
10100221 (base 3) to base 11
1932
Convert -134542 (base 7) to base 4.
-12100321
Convert 591 (base 16) to base 3.
1221210
-1391 (base 12) to base 4
-203131
What is -5155 (base 6) in base 8?
-2177
Convert -2b21 (base 13) to base 16.
-1888
What is -3131 (base 5) in base 15?
-1cb
What is -5225 (base 10) in base 6?
-40105
What is -2001111 (base 3) in base 2?
-10111011010
What is 95ba (base 15) in base 2?
111101110111011
What is 200220 (base 3) in base 7?
1326
4ce (base 15) to base 8
2106
Convert 101221202 (base 4) to base 11.
4a349
Convert -112132 (base 5) to base 8.
-7712
What is 204054 (base 6) in base 16?
4042
Convert 4232 (base 14) to base 12.
6730
What is -232301 (base 4) in base 7?
-11504
Convert 3013101 (base 4) to base 2.
11000111010001
Convert -1678b (base 14) to base 3.
-2212022222
What is 11233 (base 4) in base 3?
111121
-a2d (base 14) to base 5
-31001
What is -4420 (base 10) in base 3?
-20001201
What is 90b (base 15) in base 10?
2036
Convert 4440 (base 5) to base 2.
1001101100
Convert -7466 (base 9) to base 3.
-21112020
-298 (base 11) to base 4
-11131
4120 (base 8) to base 15
96d
Convert -10262 (base 8) to base 12.
-2582
What is -8824 (base 10) in base 13?
-402a
Convert -7c6 (base 16) to base 4.
-133012
What is -9c5 (base 15) in base 6?
-14122
-554 (base 7) to base 12
-1b8
What is -527 (base 8) in base 9?
-421
-11011100111010 (base 2) to base 4
-3130322
10344 (base 5) to base 16
2d4
Convert -2887 (base 9) to base 10.
-2185
Convert 15c1 (base 16) to base 3.
21122021
What is 407 (base 15) in base 10?
907
-36 (base 15) to base 8
-63
-624 (base 8) to base 13
-251
Convert 212024 (base 6) to base 4.
10032100
What is 13444 (base 6) in base 11?
1654
Convert -3576 (base 8) to base 11.
-1494
What is -3bb (base 14) in base 16?
-2f1
Convert 1001011000000 (base 2) to base 11.
3674
What is c60 (base 14) in base 9?
3306
-1074 (base 9) to base 7
-2215
-24865 (base 12) to base 14
-1411b
Convert -44141 (base 7) to base 12.
-6492
Convert 1433d (base 14) to base 13.
19a0b
Convert -17175 (base 11) to base 7.
-130304
What is -132c2 (base 14) in base 3?
-2101202112
Convert -11044 (base 8) to base 14.
-199a
What is 58a (base 13) in base 7?
2540
Convert -11001100011 (base 2) to base 9.
-2216
What is 111131 (base 4) in base 2?
10101011101
12062 (base 7) to base 9
4258
Convert 2233 (base 4) to base 3.
20111
What is -30120 (base 8) in base 16?
-3050
What is -240434 (base 7) in base 12?
-2117b
What is -56438 (base 9) in base 2?
-1001001010100010
Convert 10213011 (base 5) to base 7.
503632
Convert -432550 (base 6) to base 10.
-35634
-b00 (base 13) to base 8
-3503
Convert -221102 (base 5) to base 6.
-55232
Convert -3463 (base 10) to base 15.
-105d
-1111010100 (base 2) to base 15
-455
-2845 (base 12) to base 15
-15ab
Convert -dbf (base 16) to base 12.
-2053
278 (base 12) to base 11
316
-55a (base 13) to base 10
-920
-2333103 (base 5) to base 7
-236040
What is -130223 (base 4) in base 10?
-1835
Convert -104a (base 15) to base 5.
-102240
Convert -713 (base 11) to base 13.
-513
What is -36253 (base 8) in base 12?
-8ba3
What is -35664 (base 11) in base 13?
-1a4cb
1b90 (base 15) to base 11
4551
What is 243000 (base 6) in base 4?
11032020
What is -2330 (base 4) in base 10?
-188
Convert -3456 (base 12) to base 11.
-4417
-447 (base 12) to base 7
-1561
-534 (base 12) to base 5
-11020
What is 2416 (base 13) in base 10?
5089
-13104 (base 6) to base 14
-a1a
What is -65d (base 14) in base 16?
-4eb
30432 (base 5) to base 8
3710
-17654 (base 9) to base 4
-2332213
Convert 3042 (base 8) to base 15.
6ea
What is -2223 (base 8) in base 11?
-975
What is de (base 16) in base 10?
222
1010101110010 (base 2) to base 13
2664
What is -28a (base 12) in base 10?
-394
Convert 33335 (base 6) to base 14.
19b5
Convert -211534 (base 7) to base 16.
-8f14
Convert 20301303 (base 4) to base 15.
a9c0
What is -7ef (base 16) in base 14?
-a51
Convert -558 (base 10) to base 15.
-273
What is -24a (base 12) in base 9?
-424
Convert 119 (base 10) to base 2.
1110111
1760 (base 10) to base 9
2365
Convert 10010000011 (base 2) to base 8.
2203
10022021 (base 3) to base 5
34120
What is -2100 (base 10) in base 13?
-c57
Convert -24a7 (base 13) to base 2.
-1010001010111
223b9 (base 14) to base 16
1447f
-a858 (base 13) to base 14
-8751
-4501 (base 6) to base 15
-49a
Convert 530220 (base 6) to base 11.
2a217
-242 (base 8) to base 7
-321
Convert 96be (base 15) to base 9.
47678
Convert 96d (base 15) to base 14.
ac0
Convert 106523 (base 7) to base 2.
100101010110111
10111111111010 (base 2) to base 8
27772
6a05 (base 11) to base 3
110121210
-170 (base 13) to base 6
-1112
Convert a93 (base 11) to base 16.
520
-4e0 (base 15) to base 3
-1112010
What is 1010111001101 (base 2) in base 5?
134311
What is -1011000001111001 (base 2) in base 3?
-2021222020
Convert 11110000110110 (base 2) to base 8.
36066
Convert 316 (base 15) to base 8.
1270
What is 321232 (base 4) in base 10?
3694
-111001110 (base 2) to base 4
-13032
What is -130 (base 12) in base 5?
-1210
Convert 11001010011001 (base 2) to base 12.
75b5
-40143 (base 5) to base 10
-2548
3167 (base 8) to base 2
11001110111
What is 12351 (base 6) in base 11?
1448
What is -21133 (base 9) in base 10?
-13962
Convert -11153 (base 6) to base 5.
-22311
122110212 (base 3) to base 10
12740
-365 (base 12) to base 13
-302
Convert 111101101110 (base 2) to base 7.
14342
6511 (base 8) to base 12
1b75
What is 21752 (base 8) in base 14?
34ca
Convert 678 (base 15) to base 13.
887
-c38 (base 16) to base 15
-dd8
What is 42d (base 15) in base 7?
2515
Convert 21460 (base 7) to base 3.
21101101
Convert -3a1 (base 13) to base 16.
-27e
What is 245 (base 15) in base 9?
632
What is -1167 (base 8) in base 13?
-397
What is -120212